 11
Suppose 7*l + 13 + 15 = 0. Let y(o) = 43*o**2 - 2*o - 21. List the prime factors of y(l).
3, 5
Let z(g) = -g**3 + 140*g**2 + 1423*g + 82. What are the prime factors of z(149)?
2, 3, 5, 41
Let p = 20487 + -13663. What are the prime factors of p?
2, 853
Let m = 118 + -134. What are the prime factors of 705/6 - (8 - (-120)/m)?
3, 13
Let t be 3/(-6) - 45/(-18). Suppose 0 = 2*h + 2*b - 0*b - 342, t*h - 357 = 3*b. List the prime factors of h.
2, 3, 29
Let z = 3058 - -4768. List the prime factors of z.
2, 7, 13, 43
Suppose -80*x + 1788 = -81*x. Let f = 3110 + x. What are the prime factors of f?
2, 661
Let x(l) = 45*l + l**2 - 2*l**2 + 14*l - 8. What are the prime factors of x(21)?
2, 5, 79
Let p be (-33)/(-9) - (-6)/(-9). Suppose -y = -5, y = p*w - 4*w + 14. Suppose -31 = w*r - 229. List the prime factors of r.
2, 11
What are the prime factors of ((-14460)/16)/((-4)/16)?
3, 5, 241
Let i = 25 - 34. Let u = -57 + i. Let s = u + 93. List the prime factors of s.
3
Let x(t) = 88*t**2 + 330*t - 6479. What are the prime factors of x(20)?
11, 13, 19
Let n = 118 - 76. Let o be 1 + 1 + (n - (4 + -3)). Suppose o*k - 257 = 42*k. List the prime factors of k.
257
Let u(c) = 4*c**2 + 107*c - 59. What are the prime factors of u(45)?
2, 1607
Suppose 4*o - 836 = -4*d, -d - 8*o = -3*o - 229. What are the prime factors of d?
2, 3, 17
Let n(i) = -22*i**2 - 8*i - 25. Let r be n(-4). Let j = -173 - r. Suppose -2*z + j = -4*x, 3*z + 2*x - 71 = 163. List the prime factors of z.
2, 5
Suppose -18131 = -n + 4*h, 22*h - 18125 = -n + 25*h. List the prime factors of n.
19, 953
Let j(z) be the third derivative of -z**5/60 + 11*z**4/12 + 10*z**3/3 - 27*z**2. Let d be j(10). List the prime factors of (-6)/(-3) + 1 + d.
11, 13
Let t(a) = a**3 + 7*a**2 + 5*a - 4. Let z be t(-6). Let w(l) = -17*l**2 + 25*l**2 - 3 - z*l + 4 + 12*l**2. What are the prime factors of w(2)?
7, 11
Let o(m) = 4*m**2 - 5*m - 37. Let r be (-235)/25 - 36/60. What are the prime factors of o(r)?
7, 59
Suppose g + 4 = -2*n, -3*g - 2*g + 19 = -3*n. Let y be -8*(60/(-72))/((-15)/9). List the prime factors of (2/y)/(g/(-388)).
97
Suppose 0 = 195*t - 1004095 - 484456 - 1349674. List the prime factors of t.
5, 41, 71
Suppose 10291 = 5*j - f - 803, 4*f + 4434 = 2*j. What are the prime factors of j?
7, 317
Let h(d) = 6*d**2 + d + 52. Let t be h(-13). Suppose t = 9*m - 567. What are the prime factors of m?
2, 3, 5
List the prime factors of (6/(-8))/(170/(-14287480)).
3, 21011
Suppose -4 - 24 = -14*l. Suppose -2*q + 1198 = -4*r, l*q - 4*q + 1204 = -r. List the prime factors of q.
3, 67
Suppose -4*t + 82 + 258 = 0. Suppose 26*g - 178 = 25*g. Let q = g - t. List the prime factors of q.
3, 31
Suppose 148*p = -26325 + 675305. List the prime factors of p.
5, 877
Suppose 42 - 28 = 2*v. Suppose 2*x = v*x - 1260. What are the prime factors of x?
2, 3, 7
Let i(b) = -b**3 - 17*b**2 - 14*b - 32. Let p be i(-16). Let c = 391 - p. What are the prime factors of c?
5, 7, 13
Suppose 28*c = 22*c - 18. Let l be (c - -1) + 2532/6. Let i = -295 + l. List the prime factors of i.
5
Let r(c) = -c**3 + 13*c**2 + 3*c - 2. Let g(f) = -5*f - 6. Let k be g(-3). What are the prime factors of r(k)?
349
Suppose 120 = 4*d + 4*c, 3*c + 14 = 2. Suppose g - 272 = -4*q, d*q + 10 = 36*q. List the prime factors of g.
2, 3, 7
Let x(p) = 129*p**2 + 48*p + 264. List the prime factors of x(-5).
3, 19
Suppose 23866 = -l + 2*l + l. List the prime factors of l.
11933
Suppose 27 = 11*a + 5. Suppose -a*p - 1171 = -3*c + 79, 2*c - 842 = -3*p. What are the prime factors of c?
2, 11, 19
Let d = -528 + 530. Let w(b) = 25*b - 2. What are the prime factors of w(d)?
2, 3
Suppose -110*l + 6 = -108*l. Suppose -4*f + 536 = 2*j, f + j = -l*f + 540. List the prime factors of f.
2, 17
Suppose 2*p = -3*s + 27, -2*s - 10 = -p - 0*s. Suppose -p*i - 2*i = -14084. What are the prime factors of i?
2, 503
Suppose 201 = u - 2*u. Suppose 14*j = -2393 + 2351. List the prime factors of (u/(-3) - j)/((-1)/(-2)).
2, 5, 7
Let z = 23925 + -14473. List the prime factors of z.
2, 17, 139
Suppose 53*l = 56*l - 3561. Suppose -q + 3*g + 77 = -332, 3*q + g - l = 0. List the prime factors of q.
397
Suppose -443639 - 394441 = -71*s + 11*s. What are the prime factors of s?
2, 3, 97
Let y(h) = 5*h - 32 + 27 - 25 - 1. Suppose 5*b - 3*t - 32 = 0, 3*t - 17 = -3*b + 7. What are the prime factors of y(b)?
2
Let t(j) = -6*j - 3. Let z be t(1). Let y = z + 11. Suppose -y*a + 100 = -168. What are the prime factors of a?
2, 67
Let q(a) = 13*a - 130. Suppose -22*d + 180 = -12*d. What are the prime factors of q(d)?
2, 13
Let f(n) = 19*n - 112. Let h be f(6). Let b(g) = 33*g**3 + 2*g**2 + 7*g - 11. What are the prime factors of b(h)?
5, 11
Let w = -8435 + 13253. List the prime factors of w.
2, 3, 11, 73
Let h(b) be the second derivative of -13*b**4/24 + 7*b**3/6 + 4*b**2 - 16*b. Let d(j) be the first derivative of h(j). List the prime factors of d(-6).
5, 17
Suppose 4*t + 0*y = -4*y + 88, -98 = -5*t - 2*y. Suppose 3*w = -6*w + t. Suppose -o - 2*o + 213 = 2*m, -5*m + w*o = -504. What are the prime factors of m?
2, 3, 17
List the prime factors of ((-15342327)/65)/(-11) + (27/(-15) - -2).
2, 10729
Let f(w) = 2*w**2 + 12*w - 54. Let g be f(4). Suppose -g*p - 901 = -43*p. List the prime factors of p.
53
Let b be ((-822)/(-2))/((-9)/4 - -3). Let g = b - -163. Suppose -96 = -3*k - 3*w + g, 0 = -2*k - 4*w + 544. What are the prime factors of k?
2, 7, 19
Let k = -6439 - -10650. List the prime factors of k.
4211
Suppose 0 = -2*n + 5 - 1, -2*u = -5*n + 10. Suppose -2*v = w - 406, -2*v - 6 + u = 0. List the prime factors of w.
2, 103
Let l(p) be the second derivative of 37*p**3/2 + 2*p**2 - 2*p. What are the prime factors of l(4)?
2, 7
Let w be (1644/(-2))/(33/(-22)). Suppose 12*i - 3628 = w. List the prime factors of i.
2, 3, 29
Let a(f) = 413*f - 4. Suppose 6*y = 3*y + 3. List the prime factors of a(y).
409
Let x = 2355 + 2017. List the prime factors of x.
2, 1093
Suppose -43*r + 443455 - 1235885 = -152*r. List the prime factors of r.
2, 5, 727
Let y = -383 + 703. What are the prime factors of y?
2, 5
Let b be (9/4 - 3)*-80. Let y = b + -56. Suppose 3*m = 2*q - 146 + y, q - 2*m = 73. List the prime factors of q.
5, 13
Let b(n) = 484 - 1001 + n**2 - 7*n + 478. List the prime factors of b(-4).
5
Let a = 178 + -169. Let k(z) = 13*z**2 - 44*z - 7. List the prime factors of k(a).
2, 5, 13
Let h(d) = 10*d - 2. Let v = 31 - 28. Let x be ((-16)/(-12))/2*v. What are the prime factors of h(x)?
2, 3
Suppose 3*k + 235*m = 236*m + 155716, -3*k + 4*m + 155701 = 0. List the prime factors of k.
51907
Let s = -75 + 68. Let v = -6 - s. What are the prime factors of 3*((-160)/(-6) + v)?
83
Let r(c) = 269*c - 1568. List the prime factors of r(33).
7309
Suppose -2*p + 4*l = 3*p + 123, 0 = 4*l - 8. Suppose 73*g - 20 = 78*g. Let b = g - p. List the prime factors of b.
19
Let l = 327 - 325. Suppose l*y = 12*y - 10610. List the prime factors of y.
1061
Suppose -75*r + 121*r = 85*r - 492921. What are the prime factors of r?
3, 11, 383
Let x(q) = q**2 + 5*q - 8. Let h be x(4). Let t be 8/h + (-6462)/(-21). Suppose 284 = 8*y - t. What are the prime factors of y?
2, 37
Suppose -5*n = -4*i - 140513, -43*i + 112353 = 4*n - 38*i. What are the prime factors of n?
28097
Let i(m) = m**3 + 52*m**2 - 87*m - 22. What are the prime factors of i(-19)?
2, 1693
Let k(s) = 188*s + 12. Let o(l) = -4*l - 79. Let i be o(-21). List the prime factors of k(i).
2, 7, 17
Suppose -4 + 14 = -5*n, -3*n = -3*z - 12. Let b(t) = t**3 + 7*t**2 + 5*t - 7. Let o be b(z). List the prime factors of (-4)/(-8) - o*(-94)/(-4).
2, 3
Suppose -15*o + 27*o = 18*o - 290610. List the prime factors of o.
3, 5, 3229
Let z(o) = 968*o**3 - 41 - 969*o**3 - 37*o - 14*o**2 - 13*o**2. What are the prime factors of z(-26)?
5, 7
Suppose -49*j + 180*j = 1184109. What are the prime factors of j?
3, 23, 131
Let u = 118 - 71. Let c be 7*-1*192/112. Let o = u + c. What are the prime factors of o?
5, 7
Suppose -2*a = -93*a + 379834. List the prime factors of a.
2, 2087
Let g(m) = -290*m + 887. What are the prime factors of g(-28)?
9007
Let u = 355 - 352. Suppose u*l - 465 + 21 = 0. What are the prime factors of l?
2, 37
Suppose -4*k - 15*y + 5203 = 0, -11*k - 4*y = -13*k + 2498. List the prime factors of k